{"id":59,"date":"2015-11-19T10:40:52","date_gmt":"2015-11-19T10:40:52","guid":{"rendered":"http:\/\/flatsome.dev\/cart\/"},"modified":"2024-02-15T09:03:23","modified_gmt":"2024-02-15T14:03:23","slug":"carrito","status":"publish","type":"page","link":"https:\/\/ebenezermuebles.com\/?page_id=59","title":{"rendered":"Carrito"},"content":{"rendered":"<div class=\"woocommerce\"><div class=\"text-center pt pb\">\n\t<div class=\"woocommerce-notices-wrapper\"><\/div><div class=\"wc-empty-cart-message\">\n\t<div class=\"woocommerce-info message-wrapper\">\n\t\t<div class=\"message-container container medium-text-center\">\n\t\t\tTu carrito est\u00e1 vac\u00edo.\t\t<\/div>\n\t<\/div>\n\t<\/div>\t\t<p class=\"return-to-shop\">\n\t\t\t<a class=\"button primary wc-backward\" href=\"https:\/\/ebenezermuebles.com\/?page_id=60\">\n\t\t\t\tVolver a la tienda\t\t\t<\/a>\n\t\t<\/p>\n\t<\/div>\n<\/div>\n\t<div id=\"gap-1972475590\" class=\"gap-element clearfix\" style=\"display:block; height:auto;\">\n\t\t\n<style>\n#gap-1972475590 {\n  padding-top: 56px;\n}\n<\/style>\n\t<\/div>\n\t\n<div class=\"row row-full-width align-equal row-box-shadow-3 row-box-shadow-2-hover\"  id=\"row-265761668\">\n\n\t<div id=\"col-38785729\" class=\"col small-12 large-12 col-divided\"  >\n\t\t\t\t<div class=\"col-inner\"  >\n\t\t\t\n\t\t\t\n<p>&nbsp;<\/p>\n<h2 style=\"text-align: center;\"><span style=\"font-size: 115%; color: #ed1c24;\"><em><strong>IMPORTANTE: Tiempos de entrega:<\/strong><\/em><\/span><\/h2>\n<h2 style=\"text-align: center;\">Bogot\u00e1, Cajic\u00e1, Ch\u00eda, Zipaquir\u00e1, Cota, Sop\u00f3, Tabio, Tocancipa,<\/h2>\n<h2 style=\"text-align: center;\">Gachancipa, Soacha, Tenjo, La Calera, El Rosal, Facatativ\u00e1,<\/h2>\n<h2 style=\"text-align: center;\">Mosquera, Funza, Madrid, Cogua, Guasca, Subachoque, Suesca.<\/h2>\n<h2 style=\"text-align: center;\"><span style=\"color: #ed1c24;\"><strong>25 a 32 d\u00edas CALENDARIO, contados a partir de tu fecha de compra.<\/strong><\/span><\/h2>\n<p>&nbsp;<\/p>\n<h2 style=\"text-align: center;\">Medell\u00edn, Cali, Cartagena, Armenia, Pereira, Barranquilla,<\/h2>\n<h2 style=\"text-align: center;\">Santa Marta, Bucaramanga, San Gil, Tunja, Sogamoso,<\/h2>\n<h2 style=\"text-align: center;\">Duitama, Paipa, Pasto, Ibague.<\/h2>\n<h2 style=\"text-align: center;\"><span style=\"color: #ed1c24;\"><strong>35 a 42 d\u00edas CALENDARIO, contados a partir de tu fecha de compra.<\/strong><\/span><\/h2>\n<p>&nbsp;<\/p>\n\t\t<\/div>\n\t\t\t\t\t<\/div>\n\n\t\n\n<style>\n#row-265761668 > .col > .col-inner {\n  border-radius: 72px;\n}\n<\/style>\n<\/div>\n","protected":false},"excerpt":{"rendered":"","protected":false},"author":1,"featured_media":0,"parent":0,"menu_order":0,"comment_status":"closed","ping_status":"closed","template":"","meta":{"footnotes":""},"class_list":["post-59","page","type-page","status-publish","hentry"],"yoast_head":"<!-- This site is optimized with the Yoast SEO plugin v26.7 - https:\/\/yoast.com\/wordpress\/plugins\/seo\/ -->\n<title>Carrito | Ebenezer Muebles<\/title>\n<meta name=\"robots\" content=\"index, follow, max-snippet:-1, max-image-preview:large, max-video-preview:-1\" \/>\n<link rel=\"canonical\" href=\"https:\/\/ebenezermuebles.com\/?page_id=59\" \/>\n<meta property=\"og:locale\" content=\"es_ES\" \/>\n<meta property=\"og:type\" content=\"article\" \/>\n<meta property=\"og:title\" content=\"Carrito | Ebenezer Muebles\" \/>\n<meta property=\"og:url\" content=\"https:\/\/ebenezermuebles.com\/?page_id=59\" \/>\n<meta property=\"og:site_name\" content=\"Ebenezer Muebles\" \/>\n<meta property=\"article:publisher\" content=\"https:\/\/www.facebook.com\/sofasebenezer\/\" \/>\n<meta property=\"article:modified_time\" content=\"2024-02-15T14:03:23+00:00\" \/>\n<meta property=\"og:image\" content=\"https:\/\/ebenezermuebles.com\/wp-content\/uploads\/2024\/03\/logo-650.650.png\" \/>\n\t<meta property=\"og:image:width\" content=\"650\" \/>\n\t<meta property=\"og:image:height\" content=\"650\" \/>\n\t<meta property=\"og:image:type\" content=\"image\/png\" \/>\n<meta name=\"twitter:card\" content=\"summary_large_image\" \/>\n<meta name=\"twitter:label1\" content=\"Tiempo de lectura\" \/>\n\t<meta name=\"twitter:data1\" content=\"1 minuto\" \/>\n<script type=\"application\/ld+json\" class=\"yoast-schema-graph\">{\"@context\":\"https:\/\/schema.org\",\"@graph\":[{\"@type\":\"WebPage\",\"@id\":\"https:\/\/ebenezermuebles.com\/?page_id=59\",\"url\":\"https:\/\/ebenezermuebles.com\/?page_id=59\",\"name\":\"Carrito | Ebenezer Muebles\",\"isPartOf\":{\"@id\":\"https:\/\/ebenezermuebles.com\/#website\"},\"datePublished\":\"2015-11-19T10:40:52+00:00\",\"dateModified\":\"2024-02-15T14:03:23+00:00\",\"breadcrumb\":{\"@id\":\"https:\/\/ebenezermuebles.com\/?page_id=59#breadcrumb\"},\"inLanguage\":\"es\",\"potentialAction\":[{\"@type\":\"ReadAction\",\"target\":[\"https:\/\/ebenezermuebles.com\/?page_id=59\"]}]},{\"@type\":\"BreadcrumbList\",\"@id\":\"https:\/\/ebenezermuebles.com\/?page_id=59#breadcrumb\",\"itemListElement\":[{\"@type\":\"ListItem\",\"position\":1,\"name\":\"Portada\",\"item\":\"https:\/\/ebenezermuebles.com\/\"},{\"@type\":\"ListItem\",\"position\":2,\"name\":\"Carrito\"}]},{\"@type\":\"WebSite\",\"@id\":\"https:\/\/ebenezermuebles.com\/#website\",\"url\":\"https:\/\/ebenezermuebles.com\/\",\"name\":\"Ebenezer Muebles\",\"description\":\"Fabrica de muebles\",\"publisher\":{\"@id\":\"https:\/\/ebenezermuebles.com\/#organization\"},\"potentialAction\":[{\"@type\":\"SearchAction\",\"target\":{\"@type\":\"EntryPoint\",\"urlTemplate\":\"https:\/\/ebenezermuebles.com\/?s={search_term_string}\"},\"query-input\":{\"@type\":\"PropertyValueSpecification\",\"valueRequired\":true,\"valueName\":\"search_term_string\"}}],\"inLanguage\":\"es\"},{\"@type\":\"Organization\",\"@id\":\"https:\/\/ebenezermuebles.com\/#organization\",\"name\":\"Ebenezer Muebles\",\"url\":\"https:\/\/ebenezermuebles.com\/\",\"logo\":{\"@type\":\"ImageObject\",\"inLanguage\":\"es\",\"@id\":\"https:\/\/ebenezermuebles.com\/#\/schema\/logo\/image\/\",\"url\":\"https:\/\/ebenezermuebles.com\/wp-content\/uploads\/2024\/03\/logo-650.650.png\",\"contentUrl\":\"https:\/\/ebenezermuebles.com\/wp-content\/uploads\/2024\/03\/logo-650.650.png\",\"width\":650,\"height\":650,\"caption\":\"Ebenezer Muebles\"},\"image\":{\"@id\":\"https:\/\/ebenezermuebles.com\/#\/schema\/logo\/image\/\"},\"sameAs\":[\"https:\/\/www.facebook.com\/sofasebenezer\/\",\"https:\/\/www.instagram.com\/sofasebenezer\/\"]}]}<\/script>\n<!-- \/ Yoast SEO plugin. -->","yoast_head_json":{"title":"Carrito | Ebenezer Muebles","robots":{"index":"index","follow":"follow","max-snippet":"max-snippet:-1","max-image-preview":"max-image-preview:large","max-video-preview":"max-video-preview:-1"},"canonical":"https:\/\/ebenezermuebles.com\/?page_id=59","og_locale":"es_ES","og_type":"article","og_title":"Carrito | Ebenezer Muebles","og_url":"https:\/\/ebenezermuebles.com\/?page_id=59","og_site_name":"Ebenezer Muebles","article_publisher":"https:\/\/www.facebook.com\/sofasebenezer\/","article_modified_time":"2024-02-15T14:03:23+00:00","og_image":[{"width":650,"height":650,"url":"https:\/\/ebenezermuebles.com\/wp-content\/uploads\/2024\/03\/logo-650.650.png","type":"image\/png"}],"twitter_card":"summary_large_image","twitter_misc":{"Tiempo de lectura":"1 minuto"},"schema":{"@context":"https:\/\/schema.org","@graph":[{"@type":"WebPage","@id":"https:\/\/ebenezermuebles.com\/?page_id=59","url":"https:\/\/ebenezermuebles.com\/?page_id=59","name":"Carrito | Ebenezer Muebles","isPartOf":{"@id":"https:\/\/ebenezermuebles.com\/#website"},"datePublished":"2015-11-19T10:40:52+00:00","dateModified":"2024-02-15T14:03:23+00:00","breadcrumb":{"@id":"https:\/\/ebenezermuebles.com\/?page_id=59#breadcrumb"},"inLanguage":"es","potentialAction":[{"@type":"ReadAction","target":["https:\/\/ebenezermuebles.com\/?page_id=59"]}]},{"@type":"BreadcrumbList","@id":"https:\/\/ebenezermuebles.com\/?page_id=59#breadcrumb","itemListElement":[{"@type":"ListItem","position":1,"name":"Portada","item":"https:\/\/ebenezermuebles.com\/"},{"@type":"ListItem","position":2,"name":"Carrito"}]},{"@type":"WebSite","@id":"https:\/\/ebenezermuebles.com\/#website","url":"https:\/\/ebenezermuebles.com\/","name":"Ebenezer Muebles","description":"Fabrica de muebles","publisher":{"@id":"https:\/\/ebenezermuebles.com\/#organization"},"potentialAction":[{"@type":"SearchAction","target":{"@type":"EntryPoint","urlTemplate":"https:\/\/ebenezermuebles.com\/?s={search_term_string}"},"query-input":{"@type":"PropertyValueSpecification","valueRequired":true,"valueName":"search_term_string"}}],"inLanguage":"es"},{"@type":"Organization","@id":"https:\/\/ebenezermuebles.com\/#organization","name":"Ebenezer Muebles","url":"https:\/\/ebenezermuebles.com\/","logo":{"@type":"ImageObject","inLanguage":"es","@id":"https:\/\/ebenezermuebles.com\/#\/schema\/logo\/image\/","url":"https:\/\/ebenezermuebles.com\/wp-content\/uploads\/2024\/03\/logo-650.650.png","contentUrl":"https:\/\/ebenezermuebles.com\/wp-content\/uploads\/2024\/03\/logo-650.650.png","width":650,"height":650,"caption":"Ebenezer Muebles"},"image":{"@id":"https:\/\/ebenezermuebles.com\/#\/schema\/logo\/image\/"},"sameAs":["https:\/\/www.facebook.com\/sofasebenezer\/","https:\/\/www.instagram.com\/sofasebenezer\/"]}]}},"_links":{"self":[{"href":"https:\/\/ebenezermuebles.com\/index.php?rest_route=\/wp\/v2\/pages\/59","targetHints":{"allow":["GET"]}}],"collection":[{"href":"https:\/\/ebenezermuebles.com\/index.php?rest_route=\/wp\/v2\/pages"}],"about":[{"href":"https:\/\/ebenezermuebles.com\/index.php?rest_route=\/wp\/v2\/types\/page"}],"author":[{"embeddable":true,"href":"https:\/\/ebenezermuebles.com\/index.php?rest_route=\/wp\/v2\/users\/1"}],"replies":[{"embeddable":true,"href":"https:\/\/ebenezermuebles.com\/index.php?rest_route=%2Fwp%2Fv2%2Fcomments&post=59"}],"version-history":[{"count":7,"href":"https:\/\/ebenezermuebles.com\/index.php?rest_route=\/wp\/v2\/pages\/59\/revisions"}],"predecessor-version":[{"id":10586,"href":"https:\/\/ebenezermuebles.com\/index.php?rest_route=\/wp\/v2\/pages\/59\/revisions\/10586"}],"wp:attachment":[{"href":"https:\/\/ebenezermuebles.com\/index.php?rest_route=%2Fwp%2Fv2%2Fmedia&parent=59"}],"curies":[{"name":"wp","href":"https:\/\/api.w.org\/{rel}","templated":true}]}}

<div class="woocommerce"><div class="text-center pt pb">
	<div class="woocommerce-notices-wrapper"></div><div class="wc-empty-cart-message">
	<div class="woocommerce-info message-wrapper">
		<div class="message-container container medium-text-center">
			Tu carrito está vacío.		</div>
	</div>
	</div>		<p class="return-to-shop">
			<a class="button primary wc-backward" href="https://ebenezermuebles.com/?page_id=60">
				Volver a la tienda			</a>
		</p>
	</div>
</div>
	<div id="gap-1972475590" class="gap-element clearfix" style="display:block; height:auto;">
		
<style>
#gap-1972475590 {
  padding-top: 56px;
}
</style>
	</div>
	
<div class="row row-full-width align-equal row-box-shadow-3 row-box-shadow-2-hover"  id="row-265761668">

	<div id="col-38785729" class="col small-12 large-12 col-divided"  >
				<div class="col-inner"  >
			
			
<p>&nbsp;</p>
<h2 style="text-align: center;"><span style="font-size: 115%; color: #ed1c24;"><em><strong>IMPORTANTE: Tiempos de entrega:</strong></em></span></h2>
<h2 style="text-align: center;">Bogotá, Cajicá, Chía, Zipaquirá, Cota, Sopó, Tabio, Tocancipa,</h2>
<h2 style="text-align: center;">Gachancipa, Soacha, Tenjo, La Calera, El Rosal, Facatativá,</h2>
<h2 style="text-align: center;">Mosquera, Funza, Madrid, Cogua, Guasca, Subachoque, Suesca.</h2>
<h2 style="text-align: center;"><span style="color: #ed1c24;"><strong>25 a 32 días CALENDARIO, contados a partir de tu fecha de compra.</strong></span></h2>
<p>&nbsp;</p>
<h2 style="text-align: center;">Medellín, Cali, Cartagena, Armenia, Pereira, Barranquilla,</h2>
<h2 style="text-align: center;">Santa Marta, Bucaramanga, San Gil, Tunja, Sogamoso,</h2>
<h2 style="text-align: center;">Duitama, Paipa, Pasto, Ibague.</h2>
<h2 style="text-align: center;"><span style="color: #ed1c24;"><strong>35 a 42 días CALENDARIO, contados a partir de tu fecha de compra.</strong></span></h2>
<p>&nbsp;</p>
		</div>
					</div>

	

<style>
#row-265761668 > .col > .col-inner {
  border-radius: 72px;
}
</style>
</div>
