{"id":8302,"date":"2024-01-23T10:05:44","date_gmt":"2024-01-23T15:05:44","guid":{"rendered":"https:\/\/ebenezermuebles.com\/?post_type=product&#038;p=8302"},"modified":"2026-03-13T12:51:53","modified_gmt":"2026-03-13T17:51:53","slug":"comedor-redondo","status":"publish","type":"product","link":"https:\/\/ebenezermuebles.com\/?product=comedor-redondo","title":{"rendered":"Comedor Redondo"},"content":{"rendered":"","protected":false},"excerpt":{"rendered":"<p><span style=\"font-size: 120%;\"><em><strong>El comedor Redondo es una oda a la simetr\u00eda perfecta, donde cada elemento se encuentra en equilibrio absoluto. Su dise\u00f1o circular invita a la conexi\u00f3n y cercan\u00eda, creando un espacio din\u00e1mico donde las conversaciones fluyen y los momentos se vuelven memorables.<\/strong><\/em><\/span><\/p>\n<p>&nbsp;<\/p>\n<p>&nbsp;<\/p>\n<p>&nbsp;<\/p>\n<p><span style=\"font-size: 90%;\">Referencia Silla: Felicia.<\/span><\/p>\n<ul style=\"list-style-type: square;\">\n<li><span style=\"font-size: 90%;\">Material tapa mesa: Madekor.<\/span><\/li>\n<li><span style=\"font-size: 90%;\">Mesa: 120cm di\u00e1metro. 4 puestos.<\/span><\/li>\n<li><span style=\"font-size: 90%;\">Material base mesa: Madera.<\/span><\/li>\n<li><span style=\"font-size: 90%;\">Color sillas, Nogal o natural<\/span><\/li>\n<\/ul>\n","protected":false},"featured_media":20727,"template":"","meta":[],"product_brand":[],"product_cat":[138],"product_tag":[156],"class_list":{"0":"post-8302","1":"product","2":"type-product","3":"status-publish","4":"has-post-thumbnail","6":"product_cat-comedores","7":"product_tag-2-2","8":"pa_color-tela-arena","9":"pa_color-tela-hierro","10":"pa_color-tela-marfil","11":"pa_color-tela-plata","12":"pa_color-tela-acero","13":"pa_color-tela-beige","14":"pa_color-tela-madera","15":"pa_color-tela-mostaza","16":"pa_color-cuero-aviador-verde","17":"pa_color-cuero-brillant-bourdeaux","18":"pa_color-cuero-perla-antique","19":"pa_color-cuero-taupe","20":"pa_color-cuero-wax-cobrizado","21":"pa_color-cuero-wax-nogal","23":"first","24":"instock","25":"purchasable","26":"product-type-variable"},"yoast_head":"<!-- This site is optimized with the Yoast SEO plugin v26.7 - https:\/\/yoast.com\/wordpress\/plugins\/seo\/ -->\n<title>Comedor Redondo | Ebenezer Muebles<\/title>\n<meta name=\"robots\" content=\"index, follow, max-snippet:-1, max-image-preview:large, max-video-preview:-1\" \/>\n<link rel=\"canonical\" href=\"https:\/\/ebenezermuebles.com\/?product=comedor-redondo\" \/>\n<meta property=\"og:locale\" content=\"es_ES\" \/>\n<meta property=\"og:type\" content=\"article\" \/>\n<meta property=\"og:title\" content=\"Comedor Redondo | Ebenezer Muebles\" \/>\n<meta property=\"og:description\" content=\"El comedor Redondo es una oda a la simetr\u00eda perfecta, donde cada elemento se encuentra en equilibrio absoluto. Su dise\u00f1o circular invita a la conexi\u00f3n y cercan\u00eda, creando un espacio din\u00e1mico donde las conversaciones fluyen y los momentos se vuelven memorables.  &nbsp;  &nbsp;  &nbsp;  Referencia Silla: Felicia.   Material tapa mesa: Madekor.  Mesa: 120cm di\u00e1metro. 4 puestos.  Material base mesa: Madera.  Color sillas, Nogal o natural\" \/>\n<meta property=\"og:url\" content=\"https:\/\/ebenezermuebles.com\/?product=comedor-redondo\" \/>\n<meta property=\"og:site_name\" content=\"Ebenezer Muebles\" \/>\n<meta property=\"article:publisher\" content=\"https:\/\/www.facebook.com\/sofasebenezer\/\" \/>\n<meta property=\"article:modified_time\" content=\"2026-03-13T17:51:53+00:00\" \/>\n<meta property=\"og:image\" content=\"https:\/\/ebenezermuebles.com\/wp-content\/uploads\/2024\/01\/REDONDO-6.png\" \/>\n\t<meta property=\"og:image:width\" content=\"1000\" \/>\n\t<meta property=\"og:image:height\" content=\"1000\" \/>\n\t<meta property=\"og:image:type\" content=\"image\/png\" \/>\n<meta name=\"twitter:card\" content=\"summary_large_image\" \/>\n<meta name=\"twitter:label1\" content=\"Tiempo de lectura\" \/>\n\t<meta name=\"twitter:data1\" content=\"1 minuto\" \/>\n<script type=\"application\/ld+json\" class=\"yoast-schema-graph\">{\"@context\":\"https:\/\/schema.org\",\"@graph\":[{\"@type\":\"WebPage\",\"@id\":\"https:\/\/ebenezermuebles.com\/?product=comedor-redondo\",\"url\":\"https:\/\/ebenezermuebles.com\/?product=comedor-redondo\",\"name\":\"Comedor Redondo | Ebenezer Muebles\",\"isPartOf\":{\"@id\":\"https:\/\/ebenezermuebles.com\/#website\"},\"primaryImageOfPage\":{\"@id\":\"https:\/\/ebenezermuebles.com\/?product=comedor-redondo#primaryimage\"},\"image\":{\"@id\":\"https:\/\/ebenezermuebles.com\/?product=comedor-redondo#primaryimage\"},\"thumbnailUrl\":\"https:\/\/ebenezermuebles.com\/wp-content\/uploads\/2024\/01\/REDONDO-6.png\",\"datePublished\":\"2024-01-23T15:05:44+00:00\",\"dateModified\":\"2026-03-13T17:51:53+00:00\",\"breadcrumb\":{\"@id\":\"https:\/\/ebenezermuebles.com\/?product=comedor-redondo#breadcrumb\"},\"inLanguage\":\"es\",\"potentialAction\":[{\"@type\":\"ReadAction\",\"target\":[\"https:\/\/ebenezermuebles.com\/?product=comedor-redondo\"]}]},{\"@type\":\"ImageObject\",\"inLanguage\":\"es\",\"@id\":\"https:\/\/ebenezermuebles.com\/?product=comedor-redondo#primaryimage\",\"url\":\"https:\/\/ebenezermuebles.com\/wp-content\/uploads\/2024\/01\/REDONDO-6.png\",\"contentUrl\":\"https:\/\/ebenezermuebles.com\/wp-content\/uploads\/2024\/01\/REDONDO-6.png\",\"width\":1000,\"height\":1000},{\"@type\":\"BreadcrumbList\",\"@id\":\"https:\/\/ebenezermuebles.com\/?product=comedor-redondo#breadcrumb\",\"itemListElement\":[{\"@type\":\"ListItem\",\"position\":1,\"name\":\"Portada\",\"item\":\"https:\/\/ebenezermuebles.com\/\"},{\"@type\":\"ListItem\",\"position\":2,\"name\":\"Tienda Virtual\",\"item\":\"https:\/\/ebenezermuebles.com\/?page_id=60\"},{\"@type\":\"ListItem\",\"position\":3,\"name\":\"Comedor Redondo\"}]},{\"@type\":\"WebSite\",\"@id\":\"https:\/\/ebenezermuebles.com\/#website\",\"url\":\"https:\/\/ebenezermuebles.com\/\",\"name\":\"Ebenezer Muebles\",\"description\":\"Fabrica de muebles\",\"publisher\":{\"@id\":\"https:\/\/ebenezermuebles.com\/#organization\"},\"potentialAction\":[{\"@type\":\"SearchAction\",\"target\":{\"@type\":\"EntryPoint\",\"urlTemplate\":\"https:\/\/ebenezermuebles.com\/?s={search_term_string}\"},\"query-input\":{\"@type\":\"PropertyValueSpecification\",\"valueRequired\":true,\"valueName\":\"search_term_string\"}}],\"inLanguage\":\"es\"},{\"@type\":\"Organization\",\"@id\":\"https:\/\/ebenezermuebles.com\/#organization\",\"name\":\"Ebenezer Muebles\",\"url\":\"https:\/\/ebenezermuebles.com\/\",\"logo\":{\"@type\":\"ImageObject\",\"inLanguage\":\"es\",\"@id\":\"https:\/\/ebenezermuebles.com\/#\/schema\/logo\/image\/\",\"url\":\"https:\/\/ebenezermuebles.com\/wp-content\/uploads\/2024\/03\/logo-650.650.png\",\"contentUrl\":\"https:\/\/ebenezermuebles.com\/wp-content\/uploads\/2024\/03\/logo-650.650.png\",\"width\":650,\"height\":650,\"caption\":\"Ebenezer Muebles\"},\"image\":{\"@id\":\"https:\/\/ebenezermuebles.com\/#\/schema\/logo\/image\/\"},\"sameAs\":[\"https:\/\/www.facebook.com\/sofasebenezer\/\",\"https:\/\/www.instagram.com\/sofasebenezer\/\"]}]}<\/script>\n<!-- \/ Yoast SEO plugin. -->","yoast_head_json":{"title":"Comedor Redondo | Ebenezer Muebles","robots":{"index":"index","follow":"follow","max-snippet":"max-snippet:-1","max-image-preview":"max-image-preview:large","max-video-preview":"max-video-preview:-1"},"canonical":"https:\/\/ebenezermuebles.com\/?product=comedor-redondo","og_locale":"es_ES","og_type":"article","og_title":"Comedor Redondo | Ebenezer Muebles","og_description":"El comedor Redondo es una oda a la simetr\u00eda perfecta, donde cada elemento se encuentra en equilibrio absoluto. Su dise\u00f1o circular invita a la conexi\u00f3n y cercan\u00eda, creando un espacio din\u00e1mico donde las conversaciones fluyen y los momentos se vuelven memorables.  &nbsp;  &nbsp;  &nbsp;  Referencia Silla: Felicia.   Material tapa mesa: Madekor.  Mesa: 120cm di\u00e1metro. 4 puestos.  Material base mesa: Madera.  Color sillas, Nogal o natural","og_url":"https:\/\/ebenezermuebles.com\/?product=comedor-redondo","og_site_name":"Ebenezer Muebles","article_publisher":"https:\/\/www.facebook.com\/sofasebenezer\/","article_modified_time":"2026-03-13T17:51:53+00:00","og_image":[{"width":1000,"height":1000,"url":"https:\/\/ebenezermuebles.com\/wp-content\/uploads\/2024\/01\/REDONDO-6.png","type":"image\/png"}],"twitter_card":"summary_large_image","twitter_misc":{"Tiempo de lectura":"1 minuto"},"schema":{"@context":"https:\/\/schema.org","@graph":[{"@type":"WebPage","@id":"https:\/\/ebenezermuebles.com\/?product=comedor-redondo","url":"https:\/\/ebenezermuebles.com\/?product=comedor-redondo","name":"Comedor Redondo | Ebenezer Muebles","isPartOf":{"@id":"https:\/\/ebenezermuebles.com\/#website"},"primaryImageOfPage":{"@id":"https:\/\/ebenezermuebles.com\/?product=comedor-redondo#primaryimage"},"image":{"@id":"https:\/\/ebenezermuebles.com\/?product=comedor-redondo#primaryimage"},"thumbnailUrl":"https:\/\/ebenezermuebles.com\/wp-content\/uploads\/2024\/01\/REDONDO-6.png","datePublished":"2024-01-23T15:05:44+00:00","dateModified":"2026-03-13T17:51:53+00:00","breadcrumb":{"@id":"https:\/\/ebenezermuebles.com\/?product=comedor-redondo#breadcrumb"},"inLanguage":"es","potentialAction":[{"@type":"ReadAction","target":["https:\/\/ebenezermuebles.com\/?product=comedor-redondo"]}]},{"@type":"ImageObject","inLanguage":"es","@id":"https:\/\/ebenezermuebles.com\/?product=comedor-redondo#primaryimage","url":"https:\/\/ebenezermuebles.com\/wp-content\/uploads\/2024\/01\/REDONDO-6.png","contentUrl":"https:\/\/ebenezermuebles.com\/wp-content\/uploads\/2024\/01\/REDONDO-6.png","width":1000,"height":1000},{"@type":"BreadcrumbList","@id":"https:\/\/ebenezermuebles.com\/?product=comedor-redondo#breadcrumb","itemListElement":[{"@type":"ListItem","position":1,"name":"Portada","item":"https:\/\/ebenezermuebles.com\/"},{"@type":"ListItem","position":2,"name":"Tienda Virtual","item":"https:\/\/ebenezermuebles.com\/?page_id=60"},{"@type":"ListItem","position":3,"name":"Comedor Redondo"}]},{"@type":"WebSite","@id":"https:\/\/ebenezermuebles.com\/#website","url":"https:\/\/ebenezermuebles.com\/","name":"Ebenezer Muebles","description":"Fabrica de muebles","publisher":{"@id":"https:\/\/ebenezermuebles.com\/#organization"},"potentialAction":[{"@type":"SearchAction","target":{"@type":"EntryPoint","urlTemplate":"https:\/\/ebenezermuebles.com\/?s={search_term_string}"},"query-input":{"@type":"PropertyValueSpecification","valueRequired":true,"valueName":"search_term_string"}}],"inLanguage":"es"},{"@type":"Organization","@id":"https:\/\/ebenezermuebles.com\/#organization","name":"Ebenezer Muebles","url":"https:\/\/ebenezermuebles.com\/","logo":{"@type":"ImageObject","inLanguage":"es","@id":"https:\/\/ebenezermuebles.com\/#\/schema\/logo\/image\/","url":"https:\/\/ebenezermuebles.com\/wp-content\/uploads\/2024\/03\/logo-650.650.png","contentUrl":"https:\/\/ebenezermuebles.com\/wp-content\/uploads\/2024\/03\/logo-650.650.png","width":650,"height":650,"caption":"Ebenezer Muebles"},"image":{"@id":"https:\/\/ebenezermuebles.com\/#\/schema\/logo\/image\/"},"sameAs":["https:\/\/www.facebook.com\/sofasebenezer\/","https:\/\/www.instagram.com\/sofasebenezer\/"]}]}},"_links":{"self":[{"href":"https:\/\/ebenezermuebles.com\/index.php?rest_route=\/wp\/v2\/product\/8302","targetHints":{"allow":["GET"]}}],"collection":[{"href":"https:\/\/ebenezermuebles.com\/index.php?rest_route=\/wp\/v2\/product"}],"about":[{"href":"https:\/\/ebenezermuebles.com\/index.php?rest_route=\/wp\/v2\/types\/product"}],"wp:featuredmedia":[{"embeddable":true,"href":"https:\/\/ebenezermuebles.com\/index.php?rest_route=\/wp\/v2\/media\/20727"}],"wp:attachment":[{"href":"https:\/\/ebenezermuebles.com\/index.php?rest_route=%2Fwp%2Fv2%2Fmedia&parent=8302"}],"wp:term":[{"taxonomy":"product_brand","embeddable":true,"href":"https:\/\/ebenezermuebles.com\/index.php?rest_route=%2Fwp%2Fv2%2Fproduct_brand&post=8302"},{"taxonomy":"product_cat","embeddable":true,"href":"https:\/\/ebenezermuebles.com\/index.php?rest_route=%2Fwp%2Fv2%2Fproduct_cat&post=8302"},{"taxonomy":"product_tag","embeddable":true,"href":"https:\/\/ebenezermuebles.com\/index.php?rest_route=%2Fwp%2Fv2%2Fproduct_tag&post=8302"}],"curies":[{"name":"wp","href":"https:\/\/api.w.org\/{rel}","templated":true}]}}